{"id":418,"date":"2025-12-11T19:34:06","date_gmt":"2025-12-11T18:34:06","guid":{"rendered":"https:\/\/nowegranice.pl\/?page_id=418"},"modified":"2025-12-11T19:34:08","modified_gmt":"2025-12-11T18:34:08","slug":"voucher-na-start","status":"publish","type":"page","link":"https:\/\/nowegranice.pl\/?page_id=418","title":{"rendered":"Voucher na start"},"content":{"rendered":"\n<p>Podaruj komu\u015b niezapomniane chwile na trasie XII Ultramaratonu Zielonog\u00f3rskiego!<\/p>\n\n\n\n<p>Krok po kroku<br>\u2022 Przejd\u017a na stron\u0119 <a href=\"http:\/\/super-sport.com.pl\/zapisy-formularze.html\">super-sport.com.pl\/zapisy-formularze.html<\/a>.<br>\u2022 Przeszukaj list\u0119 dost\u0119pnych formu\u0142 ultramaratonu i wybierz t\u0119, kt\u00f3ra najbardziej odpowiada odbiorcy voucheru.<br>\u2022 Wype\u0142nij formularz zg\u0142oszeniowy, wpisuj\u0105c dane osoby, kt\u00f3r\u0105 chcesz obdarowa\u0107. W polu \u201eKlub\u201d wpisz \u201eVoucher\u201d, a w polu \u201eE-mail\u201d wpisz sw\u00f3j adres e-mail, aby otrzyma\u0107 informacje o p\u0142atno\u015bci i dalsze kroki.<br>\u2022 Dokonaj op\u0142aty za start \u2013 wszystkie niezb\u0119dne dane do p\u0142atno\u015bci zostan\u0105 wys\u0142ane na podany adres e-mail.<br>\u2022 Po dokonaniu op\u0142aty, przejd\u017a na stron\u0119 nowegranice.pl i pobierz plik PDF z gotowym voucherem na ultramaraton.<\/p>\n\n\n\n<figure class=\"wp-block-gallery has-nested-images columns-default is-cropped wp-block-gallery-1 is-layout-flex wp-block-gallery-is-layout-flex\">\n<figure class=\"wp-block-image size-large\"><a href=\"https:\/\/nowegranice.pl\/wp-content\/uploads\/2025\/12\/Voucher-kolarski.pdf\"><img fetchpriority=\"high\" decoding=\"async\" width=\"1024\" height=\"726\" data-id=\"423\" src=\"https:\/\/nowegranice.pl\/wp-content\/uploads\/2025\/12\/Voucher-kolarski-1024x726.jpg\" alt=\"\" class=\"wp-image-423\" srcset=\"https:\/\/nowegranice.pl\/wp-content\/uploads\/2025\/12\/Voucher-kolarski-1024x726.jpg 1024w, https:\/\/nowegranice.pl\/wp-content\/uploads\/2025\/12\/Voucher-kolarski-300x213.jpg 300w, https:\/\/nowegranice.pl\/wp-content\/uploads\/2025\/12\/Voucher-kolarski-768x545.jpg 768w, https:\/\/nowegranice.pl\/wp-content\/uploads\/2025\/12\/Voucher-kolarski-1536x1090.jpg 1536w, https:\/\/nowegranice.pl\/wp-content\/uploads\/2025\/12\/Voucher-kolarski.jpg 1748w\" sizes=\"(max-width: 1024px) 100vw, 1024px\" \/><\/a><\/figure>\n\n\n\n<figure class=\"wp-block-image size-large\"><a href=\"https:\/\/nowegranice.pl\/wp-content\/uploads\/2025\/12\/Voucher-duathlon-solo.pdf\"><img decoding=\"async\" width=\"1024\" height=\"726\" data-id=\"422\" src=\"https:\/\/nowegranice.pl\/wp-content\/uploads\/2025\/12\/Voucher-duathlon-solo-1024x726.jpg\" alt=\"\" class=\"wp-image-422\" srcset=\"https:\/\/nowegranice.pl\/wp-content\/uploads\/2025\/12\/Voucher-duathlon-solo-1024x726.jpg 1024w, https:\/\/nowegranice.pl\/wp-content\/uploads\/2025\/12\/Voucher-duathlon-solo-300x213.jpg 300w, https:\/\/nowegranice.pl\/wp-content\/uploads\/2025\/12\/Voucher-duathlon-solo-768x545.jpg 768w, https:\/\/nowegranice.pl\/wp-content\/uploads\/2025\/12\/Voucher-duathlon-solo-1536x1090.jpg 1536w, https:\/\/nowegranice.pl\/wp-content\/uploads\/2025\/12\/Voucher-duathlon-solo.jpg 1748w\" sizes=\"(max-width: 1024px) 100vw, 1024px\" \/><\/a><\/figure>\n\n\n\n<figure class=\"wp-block-image size-large\"><a href=\"https:\/\/nowegranice.pl\/wp-content\/uploads\/2025\/12\/Voucher-103km.pdf\"><img decoding=\"async\" width=\"1024\" height=\"726\" data-id=\"421\" src=\"https:\/\/nowegranice.pl\/wp-content\/uploads\/2025\/12\/Voucher-103km-1024x726.jpg\" alt=\"\" class=\"wp-image-421\" srcset=\"https:\/\/nowegranice.pl\/wp-content\/uploads\/2025\/12\/Voucher-103km-1024x726.jpg 1024w, https:\/\/nowegranice.pl\/wp-content\/uploads\/2025\/12\/Voucher-103km-300x213.jpg 300w, https:\/\/nowegranice.pl\/wp-content\/uploads\/2025\/12\/Voucher-103km-768x545.jpg 768w, https:\/\/nowegranice.pl\/wp-content\/uploads\/2025\/12\/Voucher-103km-1536x1090.jpg 1536w, https:\/\/nowegranice.pl\/wp-content\/uploads\/2025\/12\/Voucher-103km.jpg 1748w\" sizes=\"(max-width: 1024px) 100vw, 1024px\" \/><\/a><\/figure>\n\n\n\n<figure class=\"wp-block-image size-large\"><a href=\"https:\/\/nowegranice.pl\/wp-content\/uploads\/2025\/12\/Voucher-48km.pdf\"><img loading=\"lazy\" decoding=\"async\" width=\"1024\" height=\"726\" data-id=\"420\" src=\"https:\/\/nowegranice.pl\/wp-content\/uploads\/2025\/12\/Voucher-48km-\u2013-kopia-1024x726.jpg\" alt=\"\" class=\"wp-image-420\" srcset=\"https:\/\/nowegranice.pl\/wp-content\/uploads\/2025\/12\/Voucher-48km-\u2013-kopia-1024x726.jpg 1024w, https:\/\/nowegranice.pl\/wp-content\/uploads\/2025\/12\/Voucher-48km-\u2013-kopia-300x213.jpg 300w, https:\/\/nowegranice.pl\/wp-content\/uploads\/2025\/12\/Voucher-48km-\u2013-kopia-768x545.jpg 768w, https:\/\/nowegranice.pl\/wp-content\/uploads\/2025\/12\/Voucher-48km-\u2013-kopia-1536x1090.jpg 1536w, https:\/\/nowegranice.pl\/wp-content\/uploads\/2025\/12\/Voucher-48km-\u2013-kopia.jpg 1748w\" sizes=\"(max-width: 1024px) 100vw, 1024px\" \/><\/a><\/figure>\n\n\n\n<figure class=\"wp-block-image size-large\"><a href=\"https:\/\/nowegranice.pl\/wp-content\/uploads\/2025\/12\/Voucher-23km.pdf\"><img loading=\"lazy\" decoding=\"async\" width=\"1024\" height=\"726\" data-id=\"419\" src=\"https:\/\/nowegranice.pl\/wp-content\/uploads\/2025\/12\/Voucher-23km-1024x726.jpg\" alt=\"\" class=\"wp-image-419\" srcset=\"https:\/\/nowegranice.pl\/wp-content\/uploads\/2025\/12\/Voucher-23km-1024x726.jpg 1024w, https:\/\/nowegranice.pl\/wp-content\/uploads\/2025\/12\/Voucher-23km-300x213.jpg 300w, https:\/\/nowegranice.pl\/wp-content\/uploads\/2025\/12\/Voucher-23km-768x545.jpg 768w, https:\/\/nowegranice.pl\/wp-content\/uploads\/2025\/12\/Voucher-23km-1536x1090.jpg 1536w, https:\/\/nowegranice.pl\/wp-content\/uploads\/2025\/12\/Voucher-23km.jpg 1748w\" sizes=\"(max-width: 1024px) 100vw, 1024px\" \/><\/a><\/figure>\n<\/figure>\n\n\n\n<p>&nbsp;<\/p>\n","protected":false},"excerpt":{"rendered":"<p>Podaruj komu\u015b niezapomniane chwile na trasie XII Ultramaratonu Zielonog\u00f3rskiego! Krok po kroku\u2022 Przejd\u017a na stron\u0119 super-sport.com.pl\/zapisy-formularze.html.\u2022 Przeszukaj list\u0119 dost\u0119pnych formu\u0142 ultramaratonu i wybierz t\u0119, kt\u00f3ra najbardziej odpowiada odbiorcy voucheru.\u2022 Wype\u0142nij formularz zg\u0142oszeniowy, wpisuj\u0105c dane osoby, kt\u00f3r\u0105 chcesz obdarowa\u0107. W polu \u201eKlub\u201d wpisz \u201eVoucher\u201d, a w polu \u201eE-mail\u201d wpisz sw\u00f3j adres e-mail, aby otrzyma\u0107 informacje o<\/p>\n<div class=\"more-link\">\n             <a href=\"https:\/\/nowegranice.pl\/?page_id=418\" class=\"link-btn\"><span>Czytaj dalej <\/span><i class=\"icofont-thin-double-right\"><\/i><\/a>\n        <\/div>\n","protected":false},"author":2,"featured_media":0,"parent":0,"menu_order":0,"comment_status":"closed","ping_status":"closed","template":"","meta":{"footnotes":""},"class_list":["post-418","page","type-page","status-publish","hentry"],"yoast_head":"<!-- This site is optimized with the Yoast SEO plugin v23.8 - https:\/\/yoast.com\/wordpress\/plugins\/seo\/ -->\n<title>Voucher na start -<\/title>\n<meta name=\"robots\" content=\"index, follow, max-snippet:-1, max-image-preview:large, max-video-preview:-1\" \/>\n<link rel=\"canonical\" href=\"https:\/\/nowegranice.pl\/?page_id=418\" \/>\n<meta property=\"og:locale\" content=\"pl_PL\" \/>\n<meta property=\"og:type\" content=\"article\" \/>\n<meta property=\"og:title\" content=\"Voucher na start -\" \/>\n<meta property=\"og:description\" content=\"Podaruj komu\u015b niezapomniane chwile na trasie XII Ultramaratonu Zielonog\u00f3rskiego! Krok po kroku\u2022 Przejd\u017a na stron\u0119 super-sport.com.pl\/zapisy-formularze.html.\u2022 Przeszukaj list\u0119 dost\u0119pnych formu\u0142 ultramaratonu i wybierz t\u0119, kt\u00f3ra najbardziej odpowiada odbiorcy voucheru.\u2022 Wype\u0142nij formularz zg\u0142oszeniowy, wpisuj\u0105c dane osoby, kt\u00f3r\u0105 chcesz obdarowa\u0107. W polu \u201eKlub\u201d wpisz \u201eVoucher\u201d, a w polu \u201eE-mail\u201d wpisz sw\u00f3j adres e-mail, aby otrzyma\u0107 informacje o        Czytaj dalej\" \/>\n<meta property=\"og:url\" content=\"https:\/\/nowegranice.pl\/?page_id=418\" \/>\n<meta property=\"article:modified_time\" content=\"2025-12-11T18:34:08+00:00\" \/>\n<meta property=\"og:image\" content=\"https:\/\/nowegranice.pl\/wp-content\/uploads\/2025\/12\/Voucher-kolarski.jpg\" \/>\n\t<meta property=\"og:image:width\" content=\"1748\" \/>\n\t<meta property=\"og:image:height\" content=\"1240\" \/>\n\t<meta property=\"og:image:type\" content=\"image\/jpeg\" \/>\n<meta name=\"twitter:card\" content=\"summary_large_image\" \/>\n<meta name=\"twitter:label1\" content=\"Szacowany czas czytania\" \/>\n\t<meta name=\"twitter:data1\" content=\"2 minuty\" \/>\n<script type=\"application\/ld+json\" class=\"yoast-schema-graph\">{\"@context\":\"https:\/\/schema.org\",\"@graph\":[{\"@type\":\"WebPage\",\"@id\":\"https:\/\/nowegranice.pl\/?page_id=418\",\"url\":\"https:\/\/nowegranice.pl\/?page_id=418\",\"name\":\"Voucher na start -\",\"isPartOf\":{\"@id\":\"https:\/\/nowegranice.pl\/#website\"},\"primaryImageOfPage\":{\"@id\":\"https:\/\/nowegranice.pl\/?page_id=418#primaryimage\"},\"image\":{\"@id\":\"https:\/\/nowegranice.pl\/?page_id=418#primaryimage\"},\"thumbnailUrl\":\"https:\/\/nowegranice.pl\/wp-content\/uploads\/2025\/12\/Voucher-kolarski-1024x726.jpg\",\"datePublished\":\"2025-12-11T18:34:06+00:00\",\"dateModified\":\"2025-12-11T18:34:08+00:00\",\"breadcrumb\":{\"@id\":\"https:\/\/nowegranice.pl\/?page_id=418#breadcrumb\"},\"inLanguage\":\"pl-PL\",\"potentialAction\":[{\"@type\":\"ReadAction\",\"target\":[\"https:\/\/nowegranice.pl\/?page_id=418\"]}]},{\"@type\":\"ImageObject\",\"inLanguage\":\"pl-PL\",\"@id\":\"https:\/\/nowegranice.pl\/?page_id=418#primaryimage\",\"url\":\"https:\/\/nowegranice.pl\/wp-content\/uploads\/2025\/12\/Voucher-kolarski.jpg\",\"contentUrl\":\"https:\/\/nowegranice.pl\/wp-content\/uploads\/2025\/12\/Voucher-kolarski.jpg\",\"width\":1748,\"height\":1240},{\"@type\":\"BreadcrumbList\",\"@id\":\"https:\/\/nowegranice.pl\/?page_id=418#breadcrumb\",\"itemListElement\":[{\"@type\":\"ListItem\",\"position\":1,\"name\":\"Home\",\"item\":\"https:\/\/nowegranice.pl\/\"},{\"@type\":\"ListItem\",\"position\":2,\"name\":\"Voucher na start\"}]},{\"@type\":\"WebSite\",\"@id\":\"https:\/\/nowegranice.pl\/#website\",\"url\":\"https:\/\/nowegranice.pl\/\",\"name\":\"\",\"description\":\"Ultramaraton Zielonog\u00f3rski \/Rollercoaster\",\"potentialAction\":[{\"@type\":\"SearchAction\",\"target\":{\"@type\":\"EntryPoint\",\"urlTemplate\":\"https:\/\/nowegranice.pl\/?s={search_term_string}\"},\"query-input\":{\"@type\":\"PropertyValueSpecification\",\"valueRequired\":true,\"valueName\":\"search_term_string\"}}],\"inLanguage\":\"pl-PL\"}]}<\/script>\n<!-- \/ Yoast SEO plugin. -->","yoast_head_json":{"title":"Voucher na start -","robots":{"index":"index","follow":"follow","max-snippet":"max-snippet:-1","max-image-preview":"max-image-preview:large","max-video-preview":"max-video-preview:-1"},"canonical":"https:\/\/nowegranice.pl\/?page_id=418","og_locale":"pl_PL","og_type":"article","og_title":"Voucher na start -","og_description":"Podaruj komu\u015b niezapomniane chwile na trasie XII Ultramaratonu Zielonog\u00f3rskiego! Krok po kroku\u2022 Przejd\u017a na stron\u0119 super-sport.com.pl\/zapisy-formularze.html.\u2022 Przeszukaj list\u0119 dost\u0119pnych formu\u0142 ultramaratonu i wybierz t\u0119, kt\u00f3ra najbardziej odpowiada odbiorcy voucheru.\u2022 Wype\u0142nij formularz zg\u0142oszeniowy, wpisuj\u0105c dane osoby, kt\u00f3r\u0105 chcesz obdarowa\u0107. W polu \u201eKlub\u201d wpisz \u201eVoucher\u201d, a w polu \u201eE-mail\u201d wpisz sw\u00f3j adres e-mail, aby otrzyma\u0107 informacje o        Czytaj dalej","og_url":"https:\/\/nowegranice.pl\/?page_id=418","article_modified_time":"2025-12-11T18:34:08+00:00","og_image":[{"width":1748,"height":1240,"url":"https:\/\/nowegranice.pl\/wp-content\/uploads\/2025\/12\/Voucher-kolarski.jpg","type":"image\/jpeg"}],"twitter_card":"summary_large_image","twitter_misc":{"Szacowany czas czytania":"2 minuty"},"schema":{"@context":"https:\/\/schema.org","@graph":[{"@type":"WebPage","@id":"https:\/\/nowegranice.pl\/?page_id=418","url":"https:\/\/nowegranice.pl\/?page_id=418","name":"Voucher na start -","isPartOf":{"@id":"https:\/\/nowegranice.pl\/#website"},"primaryImageOfPage":{"@id":"https:\/\/nowegranice.pl\/?page_id=418#primaryimage"},"image":{"@id":"https:\/\/nowegranice.pl\/?page_id=418#primaryimage"},"thumbnailUrl":"https:\/\/nowegranice.pl\/wp-content\/uploads\/2025\/12\/Voucher-kolarski-1024x726.jpg","datePublished":"2025-12-11T18:34:06+00:00","dateModified":"2025-12-11T18:34:08+00:00","breadcrumb":{"@id":"https:\/\/nowegranice.pl\/?page_id=418#breadcrumb"},"inLanguage":"pl-PL","potentialAction":[{"@type":"ReadAction","target":["https:\/\/nowegranice.pl\/?page_id=418"]}]},{"@type":"ImageObject","inLanguage":"pl-PL","@id":"https:\/\/nowegranice.pl\/?page_id=418#primaryimage","url":"https:\/\/nowegranice.pl\/wp-content\/uploads\/2025\/12\/Voucher-kolarski.jpg","contentUrl":"https:\/\/nowegranice.pl\/wp-content\/uploads\/2025\/12\/Voucher-kolarski.jpg","width":1748,"height":1240},{"@type":"BreadcrumbList","@id":"https:\/\/nowegranice.pl\/?page_id=418#breadcrumb","itemListElement":[{"@type":"ListItem","position":1,"name":"Home","item":"https:\/\/nowegranice.pl\/"},{"@type":"ListItem","position":2,"name":"Voucher na start"}]},{"@type":"WebSite","@id":"https:\/\/nowegranice.pl\/#website","url":"https:\/\/nowegranice.pl\/","name":"","description":"Ultramaraton Zielonog\u00f3rski \/Rollercoaster","potentialAction":[{"@type":"SearchAction","target":{"@type":"EntryPoint","urlTemplate":"https:\/\/nowegranice.pl\/?s={search_term_string}"},"query-input":{"@type":"PropertyValueSpecification","valueRequired":true,"valueName":"search_term_string"}}],"inLanguage":"pl-PL"}]}},"_links":{"self":[{"href":"https:\/\/nowegranice.pl\/index.php?rest_route=\/wp\/v2\/pages\/418","targetHints":{"allow":["GET"]}}],"collection":[{"href":"https:\/\/nowegranice.pl\/index.php?rest_route=\/wp\/v2\/pages"}],"about":[{"href":"https:\/\/nowegranice.pl\/index.php?rest_route=\/wp\/v2\/types\/page"}],"author":[{"embeddable":true,"href":"https:\/\/nowegranice.pl\/index.php?rest_route=\/wp\/v2\/users\/2"}],"replies":[{"embeddable":true,"href":"https:\/\/nowegranice.pl\/index.php?rest_route=%2Fwp%2Fv2%2Fcomments&post=418"}],"version-history":[{"count":6,"href":"https:\/\/nowegranice.pl\/index.php?rest_route=\/wp\/v2\/pages\/418\/revisions"}],"predecessor-version":[{"id":436,"href":"https:\/\/nowegranice.pl\/index.php?rest_route=\/wp\/v2\/pages\/418\/revisions\/436"}],"wp:attachment":[{"href":"https:\/\/nowegranice.pl\/index.php?rest_route=%2Fwp%2Fv2%2Fmedia&parent=418"}],"curies":[{"name":"wp","href":"https:\/\/api.w.org\/{rel}","templated":true}]}}